5 and m.
223
Let u = -174 - -170. Let q(i) = i**2 - i - 16. Let d be q(u). What is the greatest common factor of 2 and d?
2
Let k be (0 + 4/2)/(-2) + (-118279)/(-61). What is the greatest common factor of k and 171?
57
Let n = 287 - 170. Let p = -138 + 164. Calculate the greatest common divisor of p and n.
13
Let w be ((-237)/(-60) - 36/48) + 180/100. Calculate the greatest common factor of w and 1055.
5
Let o be 14/315 - 1269637/(-855). What is the greatest common factor of 162 and o?
27
Suppose 51*y + 165*y - 134*y = 29848. Calculate the highest common factor of y and 3185.
91
Let j be 10 + 104/13 + 171. What is the greatest common divisor of 1215 and j?
27
Let h(g) = -989*g - 6740. Let d be h(-10). What is the highest common divisor of 560 and d?
70
Suppose 3643 + 3153 = 9*v - 179. Calculate the greatest common divisor of 62 and v.
31
Suppose 4*d - 13*s + 8*s - 78 = 0, 5*d + 2*s = 81. Suppose -d*l + 13*l = -132. Calculate the greatest common divisor of l and 341.
11
Let s be 70/(-280)*1790*-2. What is the highest common divisor of s and 10?
5
Let h be 19 + (-9)/(36/8). Suppose h*k + 176 = 19*k. Suppose 0 = 2*o - k + 22. What is the highest common divisor of o and 3?
3
Suppose 203 = 17*d + 12*d. Suppose 158 = -d*s + 242. Calculate the highest common divisor of s and 732.
12
Let y = 264 + -208. Suppose -2*b - 5*w = -y - 17, -3*b + 4*w = -52. Let g = 745 - 481. What is the highest common factor of g and b?
24
Let h(n) = 2*n**3 - 3*n**2 + 9*n + 59. Let m be h(11). Calculate the highest common factor of 7 and m.
7
Let k(n) = -n**2 + 9*n + 2. Let x be k(9). Suppose -x*f + 598 + 464 = 0. Calculate the highest common divisor of f and 9.
9
Let f(l) = -6*l**3 - 7*l**2 - 90*l - 249. Let u be f(-3). Calculate the greatest common factor of u and 855.
15
Let y(j) = -j + 3. Let m(b) = -b**2 - 6*b - 2. Let s be m(-4). Let h be y(s). Let n be 7 + h - -61 - 1. What is the highest common divisor of 8 and n?
8
Suppose -i + 1 = -1, -3*f - 5*i = 200. Let r = f + 41. Let p = r + 62. Calculate the highest common factor of p and 44.
11
Let j be 36*(-19)/(-171) - (-4340 + (2 - 0)). Calculate the greatest common factor of 52 and j.
26
Let o(d) = d**3 - 13*d**2 - 13*d - 15. Let z be o(14). Let a be 936/(z - 0)*(-43)/86. Calculate the highest common divisor of 52 and a.
52
Let b(i) be the second derivative of -i**3/6 + 22*i**2 + 15*i - 8. Let j be b(26). Calculate the greatest common divisor of 234 and j.
18
Let n = 154 + -69. Suppose 0*y - 3*y + 51 = 0. What is the highest common divisor of y and n?
17
Let m = 76 - 39. Let v = m + -33. Suppose p + 3*q - v*q = 32, -p = -2*q - 34. What is the highest common factor of 15 and p?
15
Let w(i) = -2 - 2 - 30*i + 22*i. Let z be w(1). Let o = z - -42. Calculate the greatest common divisor of 150 and o.
30
Let v be 8 + (296/(-6))/(458/(-2061)). Calculate the highest common factor of v and 44390.
230
Let f(y) = -2*y**3 - 4*y**2 - 4*y + 6. Suppose -6*j + 8*j + 8 = 0. Let z be f(j). Let x be (z/8)/(7/28) + 1. What is the highest common divisor of 308 and x?
44
Suppose 0 = -2*s + v + 47743, 16885 = s + 4*v - 7018. What is the highest common factor of s and 191?
191
Suppose -34*u + 39*u + 2*k - 30132 = 0, 0 = -2*u + 3*k + 12030. What is the highest common factor of u and 24?
24
Let z = 84 - 59. Let o = 84 - 69. Let k be (60/(-25))/((-9)/50)*o. Calculate the highest common factor of z and k.
25
Suppose 0 = 6*y - 8 - 94. Suppose -y*k + 13*k = -560. Suppose 0 = -141*q + k*q + 330. What is the highest common factor of 30 and q?
30
Let w(x) = -x**3 + 4*x**2 + 48*x + 5. Suppose -477*j + 14 = -479*j. Let a be w(j). Calculate the highest common factor of a and 156.
52
Let n(s) = -s**2 - 16*s - 20. Let t be n(-11). Let g(w) = t - 5 - 12 + w. Let q be g(-3). Calculate the highest common factor of q and 15.
15
Let l be 1177 + (-13 - -1) + -4. What is the highest common divisor of l and 86?
43
Suppose 1213 = 2*z - x, -4*x - 539 = -z + 50. Let b(o) = -3*o + 15. Let d be b(-9). Calculate the greatest common factor of d and z.
21
Suppose 0 = -301*i + 142266 - 64097 + 87983. What is the greatest common divisor of i and 14628?
276
Suppose 4*q - 5*y = 0, -4*q = -5*q - 2*y. Suppose -228*u + 235*u - 63 = q. What is the greatest common divisor of u and 51?
3
Let z be (1 - -1)/(1/36). Let l(k) = -3*k**2 - 137*k - 442. Let q be l(-41). Calculate the greatest common factor of q and z.
12
Let q be 1/8 - 632/(-64). Suppose -5*s + f = -402, 2*s - 3*s - 4*f = -72. What is the greatest common divisor of s and q?
10
Suppose 2*q = k - 6, -3*k = -5*q + 9 - 25. Suppose 4*o = -j + 1139, 0*o - 1440 = -5*o + k*j. Let r = 502 - o. What is the greatest common divisor of 24 and r?
24
Let h(a) = -a**2 - 140*a - 38. Let x be h(-7). What is the greatest common divisor of 235 and x?
47
Let g(r) = 266*r + 38575. Let i be g(-145). Suppose -4*x + 289 = -375. Suppose x - 46 = 3*w. What is the greatest common factor of w and i?
5
Let j = -2143 - -3224. What is the highest common divisor of 47 and j?
47
Suppose -15457 = 1560*n - 1589*n. What is the greatest common factor of 39 and n?
13
Suppose -d - 4*b = -540, 3*d - 175*b - 1613 = -180*b. What is the highest common factor of 72 and d?
8
Let f be 596/(-1*(4 - 2 - 3)). Let p = f - 412. What is the highest common factor of 23 and p?
23
Let z(a) = -109*a - 949. Let m be z(-94). What is the greatest common divisor of m and 9?
9
Let l be 20/(-1)*48600/(-500). What is the greatest common divisor of l and 8?
8
Let x(u) = -18*u + 18. Let a be x(6). Let m = a - -240. What is the greatest common factor of m and 18?
6
Let q(i) = 5*i**2 + 4*i - 126. Let a be q(18). What is the greatest common factor of 435 and a?
87
Let m(l) = 6*l**2 + 12*l + 36. Let p be m(-4). What is the greatest common divisor of 60 and p?
12
Let l be 301 - (1 + (-1 - -7 - 5) - 2). What is the highest common factor of l and 731?
43
Let c(s) = s + 100 - 69 + 0*s. Let u be c(-8). Suppose -4*o + 369 = r, -3*r = -o + 2*r + 87. What is the greatest common divisor of o and u?
23
Suppose 2*u - f = -4*f + 192, 0 = 5*f - 20. Suppose 17*o - 14*o - u = 0. Let v = o + -17. What is the greatest common divisor of v and 65?
13
Let g = 295 + -293. Suppose 43 = w - g. What is the greatest common factor of w and 18?
9
Let y = 548 + -582. Let c be ((-153)/y)/(6/352) + 2. Calculate the greatest common divisor of 38 and c.
38
Let p = -160 - -266. Let r = 111 - p. Let i be 35/(-3)*(0 - 3). Calculate the greatest common divisor of i and r.
5
Let i(h) = -9*h + 2. Let z be i(0). Let r(v) = -9*v - 35. Let y be r(-9). What is the highest common divisor of z and y?
2
Let j be (-76016)/(-172) + (-90)/(-1935). What is the greatest common factor of j and 676?
26
Suppose -71*q + 19320 = -q. Let f = -35 + 47. Calculate the greatest common divisor of q and f.
12
Suppose -5*a - 4*i = -6375, 5100 = 3*a + a - 4*i. What is the highest common divisor of 60 and a?
15
Let b(z) = 4*z**2 + 5*z + 55. Let u(x) = 15*x**2 + 15*x + 165. Let a(o) = -7*b(o) + 2*u(o). Let n be a(15). What is the highest common factor of n and 20?
20
Let k = -54 + 4. Let d be (-40)/k*10/2. Calculate the greatest common factor of 16 and d.
4
Let b be -4 - 3/(-6 - (-15741)/2628). Let s = -115 - -243. What is the greatest common divisor of s and b?
32
Let w = -5021 - -5435. Calculate the highest common factor of w and 108.
18
Let o(d) = 3*d**2 + 195*d + 387. Let y be o(-2). Calculate the greatest common divisor of y and 5193.
9
Let a(z) = -z**3 - 33*z**2 - 75*z - 77. Let i be a(-31). Suppose -2*g - 324 = 35*h - 36*h, h - g - i = 0. Calculate the greatest common divisor of 8 and h.
8
Suppose -35*i - 29*i = -70*i + 5310. Calculate the greatest common factor of i and 105.
15
Let o be 36/(-252) - 120439/(-77). Calculate the highest common divisor of 644 and o.
92
Suppose -3*k + 386 = -4*i, 4*k - 538 + 38 = -2*i. Calculate the highest common factor of k and 1170.
18
Let x be -5 + (-3)/6*-10. Suppose 14*p - 45 - 39 = x. Suppose t + 0*u - 13 = -u, -5*t + 62 = 2*u. What is the greatest common divisor of p and t?
6
Suppose 3*c - 368 = 5*v, 5*c = -5*v - 329 - 31. Let l be -6*6/(-9) - v. Let u be (-40)/(-6) + 2/6. What is the highest common divisor of l and u?
7
Suppose -10*t + 4437 = -1513. What is the greatest common factor of 1530 and t?
85
Suppo